{"id":21,"date":"2025-02-10T19:54:34","date_gmt":"2025-02-10T18:54:34","guid":{"rendered":"https:\/\/filordi.com\/?page_id=21"},"modified":"2025-03-09T18:59:49","modified_gmt":"2025-03-09T17:59:49","slug":"marque-blanche","status":"publish","type":"page","link":"https:\/\/filordi.com\/index.php\/marque-blanche\/","title":{"rendered":"Marque Blanche"},"content":{"rendered":"\n<p>FILORDI c\u2019est une \u00e9quipe de plusieurs auto-entrepreneur.<\/p>\n\n\n\n<p>Depuis plus de 20 ans nous intervenons sur les sites en marque blanche pour tout type de clients.<\/p>\n\n\n\n<p>Dans les milieux bancaire, assurance, mutuelle, grandes surfaces, datacenter et autres<\/p>\n\n\n\n<p>Sur le secteur de Lyon et ses environs, ainsi que&nbsp;: dans les d\u00e9partements du 38&nbsp;\/42&nbsp;\/ 01&nbsp;\/ 13.<br><br>Nous avons dans nos comp\u00e9tences&nbsp;:<\/p>\n\n\n\n<p>&#8211;&nbsp;D\u00e9ploiement de poste informatique,<\/p>\n\n\n\n<p>&#8211;&nbsp;Installation de Caisse pour des magasins comme Intermarch\u00e9, Carrefour, Auchan.<br><br>&#8211;&nbsp;Installation de routeur Cisco, borne wifi ou encore Installation de TV, camera, boitier yealink.<\/p>\n\n\n\n<p>Nous sommes habitu\u00e9s \u00e0 suivre des proc\u00e9dures,<\/p>\n\n\n\n<p>Nous sommes ouverts \u00e0 des propositions de mission courte ou longue comme des r\u00e9gies.<br><\/p>\n\n\n\n<p class=\"has-light-green-cyan-color has-text-color has-link-color wp-elements-283469024bc7a7d567ba3cb7c434f499\">Exemple de mission d\u00e9j\u00e0 r\u00e9alis\u00e9 par nos techniciens informatiques de niveau 2<\/p>\n\n\n\n<p>18 mois a raison de 2 jours par semaine chez <strong>TRANSDEV<\/strong><br>15 mois a raison de 2 jours par semaine chez <strong>ORANGE BUSINESS<\/strong><br>4 ans a raison de 2 jours par semaine chez <strong>ENAC<\/strong> (Ecole National d&rsquo;Aviation Civile)<br>3 ans temps plein chez <strong>ENEDIS LYON<\/strong><br>6 mois a raison de 2 jours par semaine chez <strong>ACTION<\/strong><br><br><br><\/p>\n","protected":false},"excerpt":{"rendered":"<p>FILORDI c\u2019est une \u00e9quipe de plusieurs auto-entrepreneur. Depuis plus de 20 ans nous intervenons sur les sites en marque blanche pour tout type de clients. Dans les milieux bancaire, assurance, mutuelle, grandes surfaces, datacenter et autres Sur le secteur de Lyon et ses environs, ainsi que&nbsp;: dans les d\u00e9partements du 38&nbsp;\/42&nbsp;\/ 01&nbsp;\/ 13. Nous avons [&hellip;]<\/p>\n","protected":false},"author":1,"featured_media":0,"parent":0,"menu_order":0,"comment_status":"closed","ping_status":"closed","template":"","meta":{"footnotes":""},"class_list":["post-21","page","type-page","status-publish","hentry"],"_links":{"self":[{"href":"https:\/\/filordi.com\/index.php\/wp-json\/wp\/v2\/pages\/21","targetHints":{"allow":["GET"]}}],"collection":[{"href":"https:\/\/filordi.com\/index.php\/wp-json\/wp\/v2\/pages"}],"about":[{"href":"https:\/\/filordi.com\/index.php\/wp-json\/wp\/v2\/types\/page"}],"author":[{"embeddable":true,"href":"https:\/\/filordi.com\/index.php\/wp-json\/wp\/v2\/users\/1"}],"replies":[{"embeddable":true,"href":"https:\/\/filordi.com\/index.php\/wp-json\/wp\/v2\/comments?post=21"}],"version-history":[{"count":11,"href":"https:\/\/filordi.com\/index.php\/wp-json\/wp\/v2\/pages\/21\/revisions"}],"predecessor-version":[{"id":533,"href":"https:\/\/filordi.com\/index.php\/wp-json\/wp\/v2\/pages\/21\/revisions\/533"}],"wp:attachment":[{"href":"https:\/\/filordi.com\/index.php\/wp-json\/wp\/v2\/media?parent=21"}],"curies":[{"name":"wp","href":"https:\/\/api.w.org\/{rel}","templated":true}]}}