{"id":26,"date":"2025-02-10T20:10:07","date_gmt":"2025-02-10T19:10:07","guid":{"rendered":"https:\/\/filordi.com\/?page_id=26"},"modified":"2025-02-11T00:49:23","modified_gmt":"2025-02-10T23:49:23","slug":"vente-informatique","status":"publish","type":"page","link":"https:\/\/filordi.com\/index.php\/vente-informatique\/","title":{"rendered":"Vente Informatique"},"content":{"rendered":"\n<p>FILORDI fait confiance depuis 20 ans au magasin <a href=\"https:\/\/www.platinuminformatique.fr\/v7\/\" data-type=\"link\" data-id=\"https:\/\/www.platinuminformatique.fr\/v7\/\" target=\"_blank\" rel=\"noreferrer noopener\"><strong><em>Platinum informatique<\/em><\/strong><\/a> <br>Notre partenaire pour vos besoins Informatique de mat\u00e9riel NEUF<br><br>Nous sommes aussi vendeur de mat\u00e9riel d&rsquo;occasion sur demande.<\/p>\n\n\n\n<p class=\"has-text-align-center\">Exemple de mat\u00e9riel <br>HP 850 G5 <br><img loading=\"lazy\" decoding=\"async\" width=\"1000\" height=\"1000\" class=\"wp-image-37\" style=\"width: 1000px;\" src=\"http:\/\/filordi.com\/wp-content\/uploads\/2025\/02\/HP850G5.avif\" alt=\"\"><\/p>\n","protected":false},"excerpt":{"rendered":"<p>FILORDI fait confiance depuis 20 ans au magasin Platinum informatique Notre partenaire pour vos besoins Informatique de mat\u00e9riel NEUF Nous sommes aussi vendeur de mat\u00e9riel d&rsquo;occasion sur demande. Exemple de mat\u00e9riel HP 850 G5<\/p>\n","protected":false},"author":1,"featured_media":0,"parent":0,"menu_order":0,"comment_status":"closed","ping_status":"closed","template":"","meta":{"footnotes":""},"class_list":["post-26","page","type-page","status-publish","hentry"],"_links":{"self":[{"href":"https:\/\/filordi.com\/index.php\/wp-json\/wp\/v2\/pages\/26","targetHints":{"allow":["GET"]}}],"collection":[{"href":"https:\/\/filordi.com\/index.php\/wp-json\/wp\/v2\/pages"}],"about":[{"href":"https:\/\/filordi.com\/index.php\/wp-json\/wp\/v2\/types\/page"}],"author":[{"embeddable":true,"href":"https:\/\/filordi.com\/index.php\/wp-json\/wp\/v2\/users\/1"}],"replies":[{"embeddable":true,"href":"https:\/\/filordi.com\/index.php\/wp-json\/wp\/v2\/comments?post=26"}],"version-history":[{"count":7,"href":"https:\/\/filordi.com\/index.php\/wp-json\/wp\/v2\/pages\/26\/revisions"}],"predecessor-version":[{"id":163,"href":"https:\/\/filordi.com\/index.php\/wp-json\/wp\/v2\/pages\/26\/revisions\/163"}],"wp:attachment":[{"href":"https:\/\/filordi.com\/index.php\/wp-json\/wp\/v2\/media?parent=26"}],"curies":[{"name":"wp","href":"https:\/\/api.w.org\/{rel}","templated":true}]}}